s digit of 21746?
6
What is the ten thousands digit of 35446?
3
What is the thousands digit of 2168?
2
What is the hundreds digit of 1299?
2
What is the hundreds digit of 700?
7
What is the ten thousands digit of 107499?
0
What is the hundreds digit of 2708?
7
What is the ten thousands digit of 10610?
1
What is the hundreds digit of 761?
7
What is the units digit of 301?
1
What is the ten thousands digit of 53577?
5
What is the thousands digit of 6257?
6
What is the hundreds digit of 4441?
4
What is the tens digit of 39503?
0
What is the units digit of 6621?
1
What is the thousands digit of 4379?
4
What is the thousands digit of 29978?
9
What is the thousands digit of 4474?
4
What is the thousands digit of 96925?
6
What is the hundreds digit of 894?
8
What is the ten thousands digit of 13438?
1
What is the tens digit of 4551?
5
What is the tens digit of 5987?
8
What is the units digit of 1039?
9
What is the units digit of 2393?
3
What is the tens digit of 49575?
7
What is the ten thousands digit of 29535?
2
What is the tens digit of 4842?
4
What is the tens digit of 2223?
2
What is the thousands digit of 16389?
6
What is the thousands digit of 3015?
3
What is the thousands digit of 2136?
2
What is the hundreds digit of 2251?
2
What is the units digit of 943?
3
What is the units digit of 1109?
9
What is the hundreds digit of 7388?
3
What is the hundreds digit of 770?
7
What is the thousands digit of 8030?
8
What is the tens digit of 34686?
8
What is the thousands digit of 1035?
1
What is the thousands digit of 2213?
2
What is the thousands digit of 21080?
1
What is the hundreds digit of 32026?
0
What is the hundreds digit of 13163?
1
What is the ten thousands digit of 10874?
1
What is the units digit of 8420?
0
What is the units digit of 4264?
4
What is the hundreds digit of 928?
9
What is the units digit of 19131?
1
What is the tens digit of 49968?
6
What is the tens digit of 63574?
7
What is the tens digit of 4752?
5
What is the units digit of 49379?
9
What is the units digit of 2596?
6
What is the hundreds digit of 18538?
5
What is the tens digit of 19129?
2
What is the thousands digit of 2333?
2
What is the units digit of 1?
1
What is the units digit of 2524?
4
What is the units digit of 46910?
0
What is the units digit of 808?
8
What is the thousands digit of 12747?
2
What is the hundreds digit of 1585?
5
What is the hundreds digit of 990?
9
What is the hundreds digit of 542?
5
What is the hundreds digit of 1136?
1
What is the hundreds digit of 32620?
6
What is the units digit of 913?
3
What is the hundreds digit of 14122?
1
What is the hundreds digit of 16618?
6
What is the thousands digit of 36040?
6
What is the units digit of 1256?
6
What is the units digit of 1763?
3
What is the units digit of 31667?
7
What is the tens digit of 25337?
3
What is the hundreds digit of 8930?
9
What is the units digit of 75524?
4
What is the hundreds digit of 172885?
8
What is the tens digit of 12341?
4
What is the tens digit of 3116?
1
What is the units digit of 22150?
0
What is the units digit of 828?
8
What is the hundreds digit of 3841?
8
What is the hundreds digit of 5620?
6
What is the units digit of 78235?
5
What is the hundreds digit of 12215?
2
What is the tens digit of 1147?
4
What is the units digit of 547?
7
What is the tens digit of 183599?
9
What is the ten thousands digit of 56055?
5
What is the units digit of 1131?
1
What is the hundreds digit of 75544?
5
What is the units digit of 166?
6
What is the tens digit of 704?
0
What is the tens digit of 8795?
9
What is the thousands digit of 61722?
1
What is the tens digit of 476?
7
What is the hundreds digit of 1391?
3
What is the hundreds digit of 2372?
3
What is the hundreds digit of 20254?
2
What is the units digit of 995?
5
What is the thousands digit of 48272?
8
What is the units digit of 122398?
8
What is the hundreds digit of 652?
6
What is the hundreds digit of 3910?
9
What is the hundreds digit of 2310?
3
What is the hundreds digit of 2714?
7
What is the thousands digit of 1019?
1
What is the hundreds digit of 102885?
8
What is the hundreds digit of 1039?
0
What is the hundreds digit of 691?
6
What is the units digit of 293?
3
What is the thousands digit of 1075?
1
What is the thousands digit of 1743?
1
What is the tens digit of 53?
5
What is the tens digit of 3729?
2
What is the hundreds digit of 6803?
8
What is the thousands digit of 1301?
1
What is the tens digit of 912?
1
What is the hundreds digit of 13562?
5
What is the thousands digit of 5765?
5
What is the thousands digit of 63695?
3
What is the hundreds digit of 1132?
1
What is the tens digit of 1696?
9
What is the ten thousands digit of 18248?
1
What is the units digit of 4662?
2
What is the units digit of 546?
6
What is the thousands digit of 1059?
1
What is the tens digit of 10055?
5
What is the hundreds digit of 7981?
9
What is the tens digit of 3240?
4
What is the tens digit of 3968?
6
What is the tens digit of 13294?
9
What is the tens digit of 389?
8
What is the tens digit of 103895?
9
What is the tens digit of 40058?
5
What is the tens digit of 1514?
1
What is the tens digit of 1867?
6
What is the hundreds digit of 25805?
8
What is the units digit of 16417?
7
What is the units digit of 25064?
4
What is the units digit of 458?
8
What is the tens digit of 52241?
4
What is the thousands digit of 9340?
9
What is the tens digit of 40545?
4
What is the thousands digit of 1846?
1
What is the hundreds digit of 295?
2
What is the hundreds digit of 42567?
5
What is the tens digit of 4738?
3
What is the ten thousands digit of 48703?
4
What is the hundreds digit of 5118?
1
What is the thousands digit of 14766?
4
What is the units digit of 1624?
4
What is the tens digit of 21706?
0
What is the hundreds digit of 231?
2
What is the hundreds digit of 23015?
0
What is the tens digit of 1068?
6
What is the hundreds digit of 1589?
5
What is the hundreds digit of 421?
4
What is the tens digit of 381?
8
What is the hundreds digit of 14320?
3
What is the units digit of 17065?
5
What is the thousands digit of 46555?
6
What is the units digit of 135724?
4
What is the ten thousands digit of 73371?
7
What is the thousands digit of 3026?
3
What is the hundreds digit of 728?
7
What is the hundreds digit of 46705?
7
What is the ten thousands digit of 26490?
2
What is the thousands digit of 8819?
8
What is the tens digit of 595?
9
What is the hundreds digit of 7229?
2
What is the units digit of 544?
4
What is the tens digit of 95992?
9
What is the units digit of 26147?
7
What is the tens digit of 8651?
5
What is the tens digit of 16026?
2
What is the thousands digit of 3859?
3
What is the tens digit of 16863?
6
What is the units digit of 105642?
2
What is the tens digit of 52451?
5
What is the hundreds digit of 58645?
6
What is the hundreds digit of 712?
7
What is the units digit of 990?
0
What is the thousands digit of 21546?
1
What is the hundreds digit of 930?
9
What is the hundreds digit of 97072?
0
What is the hundreds digit of 901?
9
What is the thousands digit of 50011?
0
What is the hundreds digit of 39388?
3
What is the hundreds digit of 158?
1
What is the tens digit of 9942?
4
What is the hundred thousands digit of 106649?
1
What is the tens digit of 29459?
5
What is the tens digit of 204?
0
What is the hundreds digit of 85328?
3
What is the units digit of 1696?
6
What is the hundreds digit of 161?
1
What is the thousands digit of 4261?
4
What is the tens digit of 34532?
3
What is the hundreds digit of 2264?
2
What is the hundreds digit of 39578?
5
What is the tens digit of 1224?
2
What is the tens digit of 1579?
7
What is the tens digit of 2326?
2
What is the tens digit of 1384?
8
What is the ten thousands digit of 13310?
1
What is the ten thousands digit of 12253?
1
What is the tens digit of 22363?
6
What is the thousands digit of 8533?
8
What is the thousands digit of 1590?
1
What is the units digit of 102?
2
What is the tens digit of 983?
8
What is the tens digit of 36029?
2
What is the units digit of 1659?
9
What is the tens digit of 205?
0
What is the ten thousands digit of 29480?
2
What is the hundreds digit of 1704?
7
What is the tens digit of 134362?
6
What is the tens digit of 2334?
3
What is the units digit of 2373?
3
What i